
13
-1 - (-5 + 11 + -17)
10
What is the value of 0 - -1 - (1 - -7) - -5?
-2
Evaluate (8 - (10 + -1)) + 4.
3
What is 20 - -38 - 28 - 11?
19
58 + -31 + (-2 - 21)
4
-1 + (-4 + -2 - (7 - 9)) - 11
-16
Calculate (-1 - -7) + -29 + 25 + -13 - -23.
12
14 - -1 - (2 + 0 - -9)
4
What is the value of 8 - 3 - ((-12 - (-12 + -4)) + -12)?
13
Evaluate 13 - (16 - -7) - -20.
10
Calculate (8 + -5 + 8 - 3) + 4 + 10.
22
2 + -11 + (1 + 3 + -3 - 6)
-14
Calculate 0 + -13 - ((13 - 19) + 5) - 3.
-15
What is the value of -575 + 555 + (5 - (-1 + -1))?
-13
What is -19 + 56 + -7 + -5?
25
What is -23 + 5 - (-40 + (59 - 33))?
-4
What is (3 - -27) + 117 + -142?
5
(45 - 40) + -8 + 4 + 17
18
(2 - 6) + (9 - (-6 + 2 - -5))
4
What is the value of 2 - (40 + -13) - -13?
-12
Evaluate -11 - (7 + 2 + -2 + -19).
1
What is the value of 16 + -8 + (-11 - -20) - 6?
11
Evaluate -7 + (-28 - -46) + 1 + -6 + 2.
8
What is -8 + 16 + (-7 - -10 - 1)?
10
Evaluate -12 - (-18 + 14 - (-1 - -1)) - -6.
-2
Calculate -10 + (9 - 7) + -3 + 23.
12
Evaluate (239 - 243) + -4 + (-1 + -1 - -7).
-3
(4 + -10 - -31) + (-6 - 3)
16
Evaluate -11 - -9 - 29 - -14.
-17
What is (-4 - -8 - 0) + -2 + 7?
9
(1 + 8 - 15) + (1 + 3 - 0)
-2
Calculate (1 - -6) + (-1 + 4 - 15 - 1).
-6
Calculate -14 - (-16 + (13 - 1)) - -1.
-9
Calculate 13 + -19 + -1 + -7 + (-17 - -23).
-8
Calculate 34 - (-14 + 32 - -8).
8
What is the value of 4 + (8 - -8 - 8 - 3 - 2)?
7
What is the value of (3 - (18 - 7)) + 13 - 10?
-5
What is -21 - -23 - 6 - -3?
-1
What is (-28 + -3 - (-4 - 0)) + (9 - 3)?
-21
5 - -14 - 10 - (11 + 7 + -8)
-1
Evaluate 4 + (-11 - (8 - 16 - -1)) - 3.
-3
Evaluate 1 - (-3 - -1) - (20 + -23 - -38).
-32
Evaluate -9 + 32 + -26 - (1 - 0 - -2).
-6
What is -25 - 8 - 5 - -10?
-28
13 + (2 - ((-5 - 8) + 26))
2
Calculate -9 + 5 - ((-1 - 15) + 9).
3
Evaluate 4 - (-15 + 8 - -7 - 0).
4
What is the value of 1 - (13 - (-7 + 14 + -6))?
-11
10 + (-12 - -15) + -2 + -3 + 1
9
What is the value of 6 - (33 + -40 - (-19 + 2 + 2))?
-2
Calculate 17 + (-6 - (13 + (12 - 20))).
6
Calculate -2 + 18 + (-22 - -1 - -12).
7
What is 29 + 0 - (-171 - -211)?
-11
-11 - ((25 - 31) + 4 + -2 + 5)
-12
What is -6 + (21 - 21 - (-9 + 7 + -3))?
-1
What is (-32 + 15 - -36) + 0?
19
Calculate (0 - -13) + (1174 - 1200).
-13
Calculate 23 - 37 - (-20 - 0).
6
-6 + 2 + 3 - (-66 + (13 - -18))
34
What is (11 + -2 - -4) + -12 - -19?
20
What is the value of -1 - ((11 - 4 - 16) + 2)?
6
14 + (2 - 18) - -18
16
What is 29 - (9 + -57 + 46)?
31
Calculate -16 - (-23 + 1 + 0).
6
What is -4 + (-9 - (-28 + 15)) + 0 + -2?
-2
What is (8 - 11) + (-3 - -7) - 0 - -21?
22
What is the value of 0 + -9 + (-3 - -5) + -3 + 19?
9
-2 - (-16 + -6 + 31)
-11
(-22 - 2) + (17 - (4 - -7) - 9)
-27
(0 - 15) + (-7 - -9) + (-31 - -37)
-7
Calculate -2 + -6 + (-6 - (-37 + 11)) + 3.
15
What is the value of 22 + -27 + -9 + 1?
-13
4 + -4 + -15 + -2 + 9
-8
What is 1646 + -1651 - ((-3 - 44) + 3)?
39
What is 4 - ((65 - 59) + 1 + -1 + 6)?
-8
What is -6 + (-8 - 2) + -9 + 1?
-24
Evaluate -5 + (2 - -14) - (-27 + 37).
1
What is the value of 293 - 289 - (-23 + 1) - 15?
11
What is -4 + 22 + (-18 + -24 - -38)?
14
Evaluate (10 - (-4 + 36) - -2 - 3) + 7.
-16
Evaluate 16 + (-56 - (11 - 34)).
-17
What is the value of -8 + (-4 - -3 - (-17 - -32 - 8))?
-16
What is the value of 10 + -17 + 2 + 4 + 8 - 0?
7
What is the value of -2 + (-71 - -63) + (-2 + 1 - 0)?
-11
Evaluate -2 - (5 - (5 + 1)).
-1
What is the value of -9 - (2 - (3 - (5 - 3)) - -8)?
-18
What is -13 - -15 - 17 - -3?
-12
(5 - 7 - 0 - -4) + 5 + -8
-1
-12 + 4 + 0 + 3 - -5
0
Calculate 45 + (-32 - -22) - -3.
38
99 + (-19 - 15) - 40
25
Evaluate (12 - (22 - 8)) + 9.
7
What is (65 - -17) + -30 - 24?
28
(-2 + (-2 - -2) - (46 - 48)) + 12
12
What is 7 - (-9 - (5 - 12)) - 18?
-9
-3 + (-1 - (3 + -2)) + (31 - 35)
-9
What is -2 - (-14 - (4 + -8))?
8
Calculate (-14 - -6) + -10 + 7 + 14.
3
Evaluate (-9 - -25) + -12 - (3 - (-2 - -4)).
3
Evaluate -1 + 2 + -1 - -12.
12
Calculate -20 - (-7 + 21 + -34).
0
Calculate 17 - ((-9 - 2) + 9 - (-10 + 3)).
12
What is (14 - 12 - 2) + 1 + 3 + 6?
10
What is the value of 13 - 38 - (6 - 16)?
-15
3 + -5 + 8 + -11 - (0 + 0)
-5
Evaluate -7 - (1 + 5) - (-23 - -29).
-19
Calculate 175 - 184 - (9 - 1).
-17
What is the value of (0 - -9) + -1 - (-81 + -16 + 94)?
11
What is -16 + 33 + -8 + -10?
-1
What is the value of 21 + -26 + (3 + -3 - -17)?
12
What is the value of 9 + -3 + -8 + 16 + -21?
-7
Calculate 4 + -9 - -9 - -6 - (-4 - -4).
10
What is the value of 10 + -13 - 2 - (27 + (4 - 6))?
-30
-5 - ((0 + -10 - 2) + (5 - 0))
2
Calculate 15 + -42 - (-24 - -8).
-11
What is the value of -11 + (-7 - (-9 + -9 + 8))?
-8
Calculate -21 - (-7 + -4) - (-27 - -2).
15
What is -5 - (-2 + -1) - ((9 - -10) + -18)?
-3
What is the value of 9 + -20 + 10 + -9 + 1?
-9
What is the value of 3 - (-1 - (7 - 22))?
-11
-18 + -23 + 33 + 0
-8
What is the value of (-3 - (39 - 6) - -2) + 9?
-25
10 - ((-2 - (2 - 6)) + 3)
5
What is -8 + 10 - -7 - (3 + (0 - -4))?
2
What is the value of -8 + (6 - ((0 - 1) + (-46 - -47)))?
-2
Evaluate 9 - (-6 + 18 + 2).
-5
Calculate -16 - (22 + -50 - 2).
14
Calculate -12 - (-4 + 12 + -9).
-11
Calculate -10 + 8 + 9 + 6 + 0.
13
What is -21 - (-31 + -9) - 23?
-4
Calculate (6 - -3) + -1 + -23 + 20.
5
Evaluate (-2 - (-1 - (4 - -10))) + -1.
12
What is the value of 8 + -1 + -41 + 12 + 6?
-16
Evaluate -1 + -12 - (-3 - (30 - 6)).
14
Calculate (1489 - 1478) + (-1 + 8 - 0).
18
Evaluate 17 + -2 - (10 - -9).
-4
What is -12 + 17 + 4 + -17 + 36?
28
6 + 4 + (-10 - (9 + -26)) - -7
24
What is (-3 - (3 + -18)) + -25?
-13
What is 1 - 4 - (34 + -43) - (21 - 0)?
-15
What is -6 + 15 + (-7 - -2) - -7?
11
What is -14 + (-7 + -12 - -46)?
13
What is the value of (99 - 73) + (-3 - 9)?
14
What is -1 + (5 - 0 - 11) + 7?
0
What is (-1 - (12 - 13)) + -15?
-15
(0 - (-4 - 2)) + 4
10
What is -10 + (0 - 14) + 31?
7
-17 - ((-3 - 2) + 3) - -3
-12
Evaluate 14 - (-6 - -2) - 11 - (2 + 7).
-2
3 - (14 - ((-59 - -68) + -19 + 1))
-20
-2 + (1 - -1 - -5) + -33 + 10
-18
Evaluate -5 - (-10 - -11 - 17 - (2 + -2)).
11
-10 + 7 + (-15 - (-1 - 3))
-14
Calculate (-1 - 38 - -13 - (-3 + 0)) + -2.
-25
What is the value of 2 - (-8 + (0 - -7) - (-11 + 3))?
-5
What is -3 - -31 - ((2 - 3) + 1)?
28
Calculate 10 + (11 - 29 - -12 - 28).
-24
What is the value of -5 + (3 - (-1 - 0 - 3))?
2
Evaluate (-58 + 37 - (2 - 7)) + 10.
-6
11 + -13 + 37 + -28
7
(7 - (-6 + -5)) + 0
18
What is -15 + (4 - -47) + -16?
20
What is the value of 26 + -23 + -1 + 0 + -10?
-8
What is -3 - (1 + 14 - 20)?
2
Evaluate (-123 - -130) + (7 + -3 - (-1 + 2)).
10
What is -14 + (1 - (-13 - -1))?
-1
What is -2 + (193 + -204 - (1 + -16))?
2
Calculate 3 + 1 + 15 + (-11 - 7).
1
What is -3 - (-12 - ((8 - 2 - 3) + -3))?
9
What is the value of (7 - 12) + (29 - 13)?
11
Evaluate 31 - (5 - (1 - 25 - -15)).
17
Calculate 1 + -84 + 87 + (1 - 3).
2
(3 - 4) + 8 - (11 - 1 - 19)
16
Calculate (-2 + 8 - (-7 + (1 - 2))) + -1.
13
Calculate 9 - (14 - (-2 + 5 + (-16 - -5))).
-13
What is the value of -8 + 11 + -5 - (8 - 26)?
16
What is the value of -269 - -274 - (-2 - 4)?
11
What is (-2 - (-6 + 1)) + -15 - (-1 + 1)?
-12
What is -2 - (-37 + 35 - (1 + -2 - 12))?
-13
Calculate 27 + (-48 - -20) - (1 + -4).
2
5 - ((5 - 10) + 0 + -1)
11
11 + (7 - 1) + -9 + 3
11
Evaluate 2 + -8 - (20 + -25) - 8.
-9
-1 - 6 - (20 - 33)
6
What is 9 + 0 + -3 + 7 + -15 - 9?
-11
What is (-2 - (5 + -9 + 6)) + 1?
-3
Calculate 11 + (-8 - -20 - 6) + -8 - -3.
12
Evaluate -11 + -4 + 3 + 5 + -9 + 2.
-14
What is the value of -9 + (2 - 5 - (24 + -14 + -7))?
-15
What is -21 + 3 + 3 - (-4 + (2 - 1))?
-12
What is -2 - ((-29 - -34) + (-13 - (0 - 3)))?
3
What is the value of 0 + (-19 - (7 + -3 + -7)) + 5?
-11
Calculate 3 + 0 - -4 - (3 - -12).
-8
Calculate (11 - 1) + 151 + -153.
8
What is -17 - -4 - -8 - 13 - -10?
-8
Evaluate 10 - ((7 - -3) + (-23 - -10)).
13
Evaluate 7 - (1 - (0 + -14)).
-8
What is -9 - (8 - (24 - 8))?
-1
Evaluate 2 + (4 - 9 - 1) + -1 + -7.
-12
-14 + -10 - (-18 - 23)
17
What is -62 + 52 + 18 + (1 - (1 - 1))?
9
Calculate -25 - (41 - 55) - (15 - -1).
-27
42 + (-4 - 19) - 51
-32
Calculate (7 - (4 + 9)) + -15 + 10.
-11
Evaluate 21 - (16 - (-14 - -16)).
7
Evaluate -1 + 3 + -6 - (22 + -22 - 6).
2
Evaluate 11 + (-13 - -1 - 12).
-13
Evaluate -22 + (1 - -11) + (4 + -1 - 0).
-7
What is -10 - (-5 - -7 - 11 - -7) - 6?
-14
What is the value of 